8).
-115
Let t(d) = -d**2 + 691*d - 4117. Determine t(6).
-7
Let m(s) = 2*s**2 - 104*s + 178. Calculate m(38).
-886
Let k(l) = -47*l + 2780. Determine k(60).
-40
Let z(k) = 8*k**3 + 5*k**2 - 13*k - 24. What is z(-2)?
-42
Let y(r) = -9*r**2 + 1120*r - 466. Give y(124).
30
Let w(n) = -n**2 - 65*n - 496. Calculate w(-8).
-40
Let n(c) = 5*c**3 + 6*c**2 - 7*c - 10. What is n(-2)?
-12
Let h(n) = -n**3 - 3*n**2 + 6*n + 3. Determine h(3).
-33
Let u(o) = 35*o + 1488. Calculate u(-43).
-17
Let l(o) = -52*o + 1210. Give l(24).
-38
Let l(s) = 4*s**2 + 16*s - 448. What is l(-13)?
20
Let i(l) = 5806*l - 69677. What is i(12)?
-5
Let p(f) = 1340*f - 6663. Calculate p(5).
37
Let k(z) = 33*z + 183. Give k(-11).
-180
Let r(x) = -19*x - 650. Determine r(-34).
-4
Let y(g) = -g**3 - 48*g**2 - 93*g - 2157. Give y(-47).
5
Let w(j) = -3*j**2 - 171*j + 3004. Give w(14).
22
Let a(c) = -c**2 + 276*c - 3917. What is a(15)?
-2
Let h(a) = 532*a - 4. Give h(0).
-4
Let w(g) = -g**2 - 80*g - 1386. What is w(-55)?
-11
Let k(d) = 6*d**3 + 12*d**2 + 23*d + 45. Determine k(-2).
-1
Let y(v) = v**2 + 70*v + 830. Give y(-51).
-139
Let r(a) = 11792*a - 82543. Give r(7).
1
Let a(y) = y**3 - 37*y**2 + 68*y + 112. What is a(35)?
42
Let v(k) = -k**3 - 11*k**2 - 32*k - 51. Calculate v(-8).
13
Let p(h) = h**3 + 46*h**2 + 48*h + 102. What is p(-45)?
-33
Let t(c) = -27*c + 884. Give t(36).
-88
Let u(i) = i**3 + 5*i**2 - 28*i - 23. Give u(-9).
-95
Let t(d) = -7*d**2 + 31*d - 162. Determine t(9).
-450
Let g(q) = -7*q - 419. What is g(-62)?
15
Let g(b) = 2*b**3 + 67*b**2 + 20*b - 57. Determine g(-33).
372
Let w(u) = -2*u**2 - 199*u - 761. Determine w(-4).
3
Let n(h) = -111*h**2 - 34*h - 1. Determine n(-2).
-377
Let c(g) = -45*g - 3868. Calculate c(-86).
2
Let a(h) = -8*h + 841. Determine a(104).
9
Let s(z) = 374*z - 31797. What is s(85)?
-7
Let o(m) = -m**2 - 1308*m - 350982. Give o(-377).
5
Let l(w) = -7*w**2 + 32*w - 92. Calculate l(4).
-76
Let d(r) = -4*r**2 - 28*r + 67. Calculate d(3).
-53
Let v(o) = 2*o**3 - 4*o**2 + 492*o + 5. What is v(0)?
5
Let m(q) = -237*q + 11352. Give m(48).
-24
Let r(f) = -f**3 - 21*f**2 + 138*f - 189. Give r(2).
-5
Let q(h) = h**3 + 26*h**2 - 36*h + 132. Give q(-28).
-428
Let z(w) = 234*w + 694. Give z(-3).
-8
Let q(t) = -5*t**2 - 7*t + 25. Calculate q(-5).
-65
Let z(d) = 2*d**3 + 16*d**2 - d - 19. What is z(-8)?
-11
Let i(j) = -101*j + 351. Determine i(0).
351
Let y(b) = 12*b + 184. Give y(-22).
-80
Let d(q) = -20114*q - 20108. Calculate d(-1).
6
Let z(s) = -3366*s + 13391. What is z(4)?
-73
Let z(v) = 906*v + 2703. Give z(-3).
-15
Let f(b) = -34*b - 155. Determine f(-6).
49
Let u(t) = t**3 + 15*t**2 - 17*t - 61. Calculate u(-17).
-350
Let b(n) = 5*n**3 - 68*n**2 - 27*n - 16. Calculate b(14).
-2
Let s(m) = 218*m - 6304. What is s(29)?
18
Let f(o) = -2*o**3 - 24*o**2 - 13*o - 121. Determine f(-8).
-529
Let r(q) = -14*q - 782. Determine r(-55).
-12
Let q(m) = 3*m**2 + 40*m - 31. Determine q(-9).
-148
Let u(x) = -x**3 - 15*x**2 + 12*x + 341. Give u(-14).
-23
Let d(w) = -w**3 + 12*w**2 - 9*w. Determine d(11).
22
Let q(d) = -d**3 + 52*d**2 - 153*d + 2615. What is q(50)?
-35
Let b(c) = 5*c + 259. What is b(-56)?
-21
Let s(y) = y**3 - 72*y**2 - 659*y + 1547. What is s(80)?
27
Let a(w) = -83*w - 535. Give a(-9).
212
Let c(z) = -119*z - 1089. Determine c(-9).
-18
Let v(w) = -w**3 - 42*w**2 + 1318*w - 104. Give v(-63).
211
Let b(r) = 3*r**3 - 214*r**2 + 69*r + 140. Give b(71).
-2
Let m(v) = -54*v - 87. Calculate m(-10).
453
Let j(c) = -c**2 + 100*c + 1155. Calculate j(111).
-66
Let d(b) = -b**3 - 14*b**2 + 3*b - 97. Calculate d(-15).
83
Let w(u) = 12*u**3 - 13*u**2 - 34*u - 3. Calculate w(-2).
-83
Let h(u) = 29659*u - 296597. Calculate h(10).
-7
Let s(q) = -2*q**3 - 5*q**2 - 4*q + 38. Determine s(-4).
102
Let a(h) = -2*h**2 + 128*h + 1680. What is a(75)?
30
Let y(j) = -163*j - 3748. Determine y(-23).
1
Let l(x) = -3*x**2 + 3*x + 37. What is l(12)?
-359
Let p(d) = 2*d**2 + 792*d - 1576. What is p(2)?
16
Let h(u) = -7*u**2 + 5*u + 86. Give h(-5).
-114
Let n(q) = -336*q**2 - 1343*q + 4. Give n(-4).
0
Let s(k) = -23*k**2 - 94*k - 30. What is s(-4)?
-22
Let n(m) = 144*m - 1864. Give n(13).
8
Let h(p) = -2*p**2 + 1005*p - 10816. What is h(11)?
-3
Let s(x) = -x**2 + 34*x - 418. What is s(31)?
-325
Let u(x) = 156*x - 151. Calculate u(1).
5
Let w(a) = -4*a**2 + 12*a - 22. Calculate w(7).
-134
Let z(l) = -l**3 + 2*l**2 + 70*l + 62. Give z(0).
62
Let o(b) = -b**3 + 13*b**2 + 129*b - 4. Calculate o(-7).
73
Let m(x) = -5*x**2 - 426*x - 501. Determine m(-84).
3
Let x(a) = a**3 + 43*a**2 + 28*a + 1135. Determine x(-43).
-69
Let m(z) = -31*z + 934. Determine m(30).
4
Let o(p) = 7*p**2 - 24*p - 17. Give o(4).
-1
Let l(b) = -7*b**2 - 190*b - 203. Determine l(-26).
5
Let z(v) = v**3 + 67*v**2 - 358*v + 177. Calculate z(-72).
33
Let m(b) = -b**3 + 13*b**2 - 45*b - 36. Give m(4).
-72
Let v(z) = 68*z**3 - 5*z**2 + 4*z - 2. Determine v(1).
65
Let o(t) = -61*t + 55. What is o(1)?
-6
Let c(z) = 5*z**3 + 139*z**2 + 111*z + 65. Determine c(-27).
-16
Let a(v) = 11*v**3 + 6*v**2 + 1954*v - 1960. Calculate a(1).
11
Let w(b) = 2*b**2 - 112*b + 5. What is w(57)?
119
Let k(m) = -7*m**2 + 495*m - 334. Give k(70).
16
Let n(j) = 2*j**3 - 102*j**2 - 2484*j - 8. Calculate n(69).
-8
Let u(s) = -2*s**3 + 13*s**2 - 7*s + 14. Calculate u(7).
-84
Let a(h) = h**2 - 11*h - 460. Give a(-17).
16
Let w(u) = 12*u**2 + 5*u + 2. Calculate w(4).
214
Let s(b) = -b**2 + 23*b + 255. Calculate s(32).
-33
Let s(r) = -2118*r + 171568. Give s(81).
10
Let j(l) = 12*l - 122. Give j(10).
-2
Let j(q) = -3*q**3 + 650*q**2 - 1078*q + 638. What is j(215)?
-7
Let r(d) = 1200*d - 4877. What is r(4)?
-77
Let b(h) = -10*h - 134. Determine b(-22).
86
Let f(q) = q**2 - 780*q + 1554. Give f(2).
-2
Let b(s) = s**3 + s**2 + 326*s - 2. Calculate b(0).
-2
Let j(h) = 47*h + 478. Determine j(-10).
8
Let v(a) = a**3 - 18*a**2 - 112*a - 12. Give v(23).
57
Let z(p) = -p**3 + 8*p**2 - 27*p + 108. Calculate z(6).
18
Let j(x) = x**2 + 86*x - 245. Calculate j(3).
22
Let q(o) = -2*o**3 + 25*o**2 - 81*o + 25. Calculate q(6).
7
Let t(g) = -2*g**3 + 13*g**2 - 124*g + 710. Calculate t(6).
2
Let n(j) = -j**3 + 11*j**2 + 4*j + 24. Determine n(11).
68
Let z(g) = -g**3 + 37*g**2 + 40*g - 100. Calculate z(38).
-24
Let p(f) = -2*f**2 + 186*f - 1200. Give p(7).
4
Let y(j) = j**2 - 114*j - 4675. What is y(-32)?
-3
Let f(b) = -4*b**2 + 33*b + 18. Give f(15).
-387
Let w(y) = -27*y - 97. Calculate w(-3).
-16
Let m(l) = l**2 - 14*l + 26. Calculate m(-9).
233
Let j(b) = -3*b**3 - 29*b**2 - 78*b - 41. Give j(-3).
13
Let t(y) = -3*y**2 + 20*y - 36. Determine t(5).
-11
Let n(v) = 53*v - 750. Determine n(14).
-8
Let h(r) = 5*r**2 + 604*r - 121. What is h(-121)?
0
Let k(d) = 9*d - 249. Determine k(30).
21
Let w(j) = 103*j + 7108. Determine w(-69).
1
Let j(b) = 2*b**2 - 66*b + 30. Calculate j(20).
-490
Let t(x) = x**2 - 5*x - 33. Calculate t(8).
-9
Let n(z) = -z**3 - 7*z**2 + 5*z - 26. Calculate n(-8).
-2
Let f(u) = 227*u + 3171. Determine f(-14).
-7
Let q(v) = -v**3 + 25*v**2 - 18*v - 25. Calculate q(24).
119
Let o(d) = -d**3 - 10*d**2 + 18*d + 16. Determine o(-9).
-227
Let l(h) = h**3 + 3*h**2 - 45*h - 114. What is l(-7)?
5
Let l(b) = -b**3 - b**2 - 5*b + 15. Calculate l(3).
-36
Let p(y) = 33*y - 293. Calculate p(5).
-128
Let r(s) = -60*s**2 + 109*s - 215. Give r(2).
-237
Let x(t) = -27*t**2 - 33*t - 155. Calculate x(-4).
-455
Let o(f) = 35*f - 125. Calculate o(4).
15
Let d(g) = 1248*g - 6180. Determine d(5).
60
Let a(u) = -211*u - 56759. Calculate a(-269).
0
Let v(u) = 3*u + 68. What is v(-29)?
-19
Let b(z) = -3*z**3 + 44*z**2 - 8*z - 285. Calculate b(14).
-5
Let b(q) = -640*q + 3197. What is b(5)?
-3
Let q(l) = 8*l - 1003. What is q(124)?
-11
Let c(d) = d**3 + 26*d**2 + 74*d + 119. Determine c(-23).
4
Let l(h) = 12*h**3 + 10*h**2 + 2*h - 13. Give l(1).
11
Let z(d) = -d**2 + 6679*d + 174321. Give z(-26).
-9
Let p(v) = -12*v**2 + 169*v + 18. Calculate p(14).
32
Let a(v) = -55*v**2 - 32*v + 2. Give a(2).
-282
Let k(q) = 2257*q - 6769. What is k(3)?
2
Let c(n) = -14*n + 37. Calculate c(23).
-285
Let y(j) = -143*j + 704. Calculate y(5).
-11
Let m(c) = -c**2 + 66*c - 550. What is m(21)?
395
Let c(k) = -9*k**3 - 9*k**2 + 4*k + 5. Calculate c(1).
-9
Let o(y) = y**3 + 38*y**2 - 307